422?
-42301231
In base 16, what is -16 + 13e25?
13e0f
In base 9, what is 37476 - -6482?
45068
In base 5, what is -13004444 + -22424?
-13032423
In base 3, what is -11210000122012120120 + -10?
-11210000122012120200
In base 9, what is 26255274 + 6?
26255281
In base 10, what is 160633322 + -5?
160633317
In base 9, what is 1374618 - -40?
1374658
In base 10, what is 3 + -609221?
-609218
In base 10, what is -2 + -99109084?
-99109086
In base 15, what is 24898e - 2?
24898c
In base 15, what is -7 + c89424?
c8941c
In base 6, what is 33015 + 11051?
44110
In base 2, what is 10010100101010001 - -1111?
10010100101100000
In base 14, what is 1 + 18c53a5?
18c53a6
In base 2, what is -10100011010101011 - 10100100?
-10100011101001111
In base 9, what is -6080 + 1564?
-4415
In base 8, what is 33714713 - 76?
33714615
In base 10, what is -7 - -284474606?
284474599
In base 7, what is 1 - -1142053053?
1142053054
In base 15, what is 3ac53 - a3?
3aba0
In base 11, what is 8 - -329578?
329585
In base 4, what is 300310 - 20303103?
-20002133
In base 2, what is 1011100000 + -1100010100110100011?
-1100010011011000011
In base 5, what is 300022 - -1342421?
2142443
In base 7, what is -10 + 31413344?
31413334
In base 3, what is -222 + 101110212122212?
101110212121220
In base 11, what is 7815 + 66?
7880
In base 13, what is -358 - -3b96?
383b
In base 6, what is 24431 + 245425?
314300
In base 7, what is 3360 + 311?
4001
In base 11, what is 88781 - 9?
88773
In base 12, what is 0 + -2a7666?
-2a7666
In base 16, what is 6 + 1709c?
170a2
In base 2, what is -11101010101000110001 + 101?
-11101010101000101100
In base 11, what is 763667 + -32?
763635
In base 5, what is 214104 - -2330240?
3044344
In base 14, what is -252102 - a5?
-2521a7
In base 6, what is -102350 - -104?
-102242
In base 11, what is 5 + -232076a?
-2320765
In base 16, what is -5 + -9944cf?
-9944d4
In base 8, what is 110474 + 1647?
112343
In base 9, what is -1 - -174435712?
174435711
In base 2, what is 1001000000111 + 1010011001001100?
1011100001010011
In base 5, what is 41042024 + 322?
41042401
In base 4, what is -13130021230 + 220?
-13130021010
In base 2, what is -110101111110001001 + 10000?
-110101111101111001
In base 12, what is -82 + -6a33a?
-6a400
In base 8, what is -725300 + -2272?
-727572
In base 12, what is 83443 - 2?
83441
In base 10, what is 532429 + -5?
532424
In base 10, what is -2 + -1133152?
-1133154
In base 7, what is 4423642121 - 1?
4423642120
In base 4, what is -102032201223011 - 11?
-102032201223022
In base 8, what is 2315571 + 0?
2315571
In base 2, what is 1000011101 + -100101111000011001001?
-100101110111010101100
In base 15, what is -18 - 30452cd?
-30452e6
In base 4, what is -132333110131 + -13?
-132333110210
In base 3, what is 20210122011 - 2021?
20210112220
In base 16, what is 1d + 1b6920?
1b693d
In base 15, what is 29 - -1c89e?
1c8c8
In base 4, what is 331003 - -122203?
1113212
In base 10, what is 2 + -4818432?
-4818430
In base 13, what is 945073 + -5?
94506b
In base 5, what is -220122431200 + -1?
-220122431201
In base 3, what is -12 - -10210220222211?
10210220222122
In base 3, what is 11 + 10012020002121?
10012020002202
In base 6, what is -5045231 - -4151?
-5041040
In base 13, what is -755403 + -13?
-755416
In base 7, what is 5 + 2524632524?
2524632532
In base 4, what is 120301213 - -100012?
121001231
In base 8, what is 1 - -7723527?
7723530
In base 11, what is -24a - -98181?
97a32
In base 5, what is 444310200313 + 1?
444310200314
In base 8, what is -1020270754 - -4?
-1020270750
In base 12, what is 759860 - -14?
759874
In base 13, what is -1 - -156b544b?
156b544a
In base 8, what is -10361 - -4663?
-3476
In base 2, what is 1100111101110111001110010 - -1100?
1100111101110111001111110
In base 12, what is 302366 + -4?
302362
In base 9, what is -17 - -23738822?
23738804
In base 4, what is 13220313 - -12101?
13233020
In base 3, what is 11 + 10222210102022?
10222210102110
In base 9, what is -170 + 2114888?
2114718
In base 5, what is -3342100022 - 10?
-3342100032
In base 10, what is 68861 + 64?
68925
In base 15, what is c - -230c90c?
230c919
In base 2, what is 11011000101001001110101010 + -11?
11011000101001001110100111
In base 3, what is -1001100202020112 + 21?
-1001100202020021
In base 3, what is 110 - 120211200221?
-120211200111
In base 7, what is 4052203 - 14?
4052156
In base 9, what is -822085 + 0?
-822085
In base 14, what is -1 - b6a168?
-b6a169
In base 7, what is 663024 - -360?
663414
In base 7, what is 104236 + 266140?
403406
In base 7, what is 6420 - 1042?
5345
In base 8, what is 3 - 31332573?
-31332570
In base 2, what is 11 + 11000110101110000110011000?
11000110101110000110011011
In base 4, what is 111230 - -10003200?
10121030
In base 9, what is 7 + -1541047?
-1541040
In base 6, what is -334 + 3052110?
3051332
In base 6, what is -1502324 + -211?
-1502535
In base 7, what is -66555413 + -4?
-66555420
In base 15, what is 975294 - -5?
975299
In base 3, what is 1002 - 101020012021022?
-101020012020020
In base 12, what is -17609897 + -16?
-176098b1
In base 13, what is 3849 - 1a64a?
-16b01
In base 12, what is -24082b + 3?
-240828
In base 2, what is 10000011 - 1010100001110?
-1010010001011
In base 16, what is -29c73 - 7a?
-29ced
In base 8, what is -5 - 11050713?
-11050720
In base 9, what is 3 - 84867826?
-84867823
In base 15, what is -4 + 1bcd99e?
1bcd99a
In base 2, what is 10000111111101101010000101 - -10?
10000111111101101010000111
In base 11, what is 770 + -3989?
-3219
In base 4, what is -11 + 111010231233?
111010231222
In base 9, what is 3 + 5320218?
5320222
In base 16, what is 5aa67 - -11a?
5ab81
In base 12, what is -4 - 7220920?
-7220924
In base 4, what is 222 - -2232131?
2233013
In base 2, what is 10000000100011001 - 1011111110?
1111111000011011
In base 5, what is -20310024032 - 22?
-20310024104
In base 15, what is 94 - -10dd29?
10ddbd
In base 7, what is -3212064 + 126?
-3211635
In base 16, what is d - -1723aa?
1723b7
In base 16, what is c - -1bf5ac?
1bf5b8
In base 8, what is -15777060 + 7?
-15777051
In base 4, what is 1100222123 + 31133?
1100313322
In base 13, what is -216740880 + -4?
-216740884
In base 2, what is 1 + 1101001110111111100011100000?
1101001110111111100011100001
In base 6, what is -14402 + -54214?
-113020
In base 11, what is 5 - -1121188?
1121192
In base 14, what is 326 - -64983?
64ca9
In base 10, what is 380 - -42839?
43219
In base 6, what is 35301304 + 23?
35301331
In base 9, what is 8 + -102346?
-102337
In base 9, what is 155 - -121008?
121164
In base 3, what is -10211221200 + -210212110?
-11122211010
In base 14, what is -1647077c - 1?
-1647077d
In base 10, what is -5 - -86552660?
86552655
In base 7, what is -5113104165 + 1?
-5113104164
In base 14, what is 6ccb43 - -c?
6ccb51
In base 2, what is 100010 + -1011000111010000011?
-1011000111001100001
In base 9, what is 1615 + 17842?
20557
In base 7, what is -2313113 - -444?
-2312336
In base 10, what is -353 - -87344?
86991
In base 15, what is 193d - 367?
15c6
In base 11, what is -5 - 26478647?
-26478651
In base 5, what is -430130 + -44323?
-1030003
In base 8, what is 1431 + 375?
2026
In base 6, what is -40011 - 14100?
-54111
In base 8, what is -30372646 + 5?
-30372641
In base 7, what is 160112423 + 131?
160112554
In base 6, what is -31114055232 + -10?
-31114055242
In base 15, what is 405997a3 + 5?
405997a8
In base 2, what is 1 - 1001100101011111001011?
-1001100101011111001010
In base 12, what is 7b + 201ab7?
201b76
In base 3, what is -2110122002221021 + -2?
-2110122002221100
In base 7, what is -6601 - -122012?
112111
In base 15, what is 16 - 27e2e4?
-27e2cd
In base 2, what is 11100100 + 1010110101101010?
1010111001001110
In base 15, what is d7 - 185b?
-1774
In base 8, what is 5013 + 23?
5036
In base 12, what is 1 + 2a8790?
2a8791
In base 5, what is 32 - -120011340?
120011422
In base 11, what is 15aa099 + 4?
15aa0a2
In base 13, what is 12 - 1bac1?
-1baac
In base 11, what is 5 + 5a944628?
5a944632
In base 8, what is -41 - 5205722?
-5205763
In base 4, what is -103 + -11322113000?
-11322113103
In base 10, what is -722 - 55294?
-56016
In base 16, what is 1c67 - -2a9?
1f10
In base 6, what is 45110 - 144254?
-55144
In base 6, what is -21302013352 + -1?
-21302013353
In base 4, what is 11 + -103313123012?
-103313123001
In base 12, what is 1042a